{"id":1095,"date":"2019-04-02T22:36:30","date_gmt":"2019-04-02T20:36:30","guid":{"rendered":"http:\/\/www.rainerliebe.de\/?page_id=1095"},"modified":"2022-12-19T23:04:59","modified_gmt":"2022-12-19T22:04:59","slug":"die-waggongs-the-waggons","status":"publish","type":"page","link":"http:\/\/www.rainerliebe.de\/?page_id=1095","title":{"rendered":"Die Waggongs \/ The waggons"},"content":{"rendered":"<p>Der G\u00fcterverkehr in Duisburg spielt durch den gro\u00dfen Umschlagplatz des Hafens schon immer eine gro\u00dfe Rolle. Mittlerweile gibt es sogar eine 10000km lange Zugstrecke von China, welche in Duisburg endet.<\/p>\n<figure class=\"embed-gphotos  wp-caption\"><a href=\"https:\/\/photos.google.com\/share\/AF1QipOr5n2W1MRJ7jiNxnfsxfHrX1uAhquk-yYo7A2ixfEhHMsbzWTpkRfdLcmB8-2sAw?key=OUN2eWp5dUFGSTExa3V3Q3BtZWEzU3p0Y2k1M0V3\" target=\"_blank\"><img loading=\"lazy\" decoding=\"async\"    src=\"https:\/\/lh3.googleusercontent.com\/9u8KjQs5ybwdINLLnl0QkOtdwwLDo0Nqz3IMOxWJgGhKi2oKUmacVjcgFM_O9-EACPnVqs9LOTi_59_LRuTLytgQxNHVnuhgqZy_pPxjTr-tlC0Y3QJYd4UC6wGAymdAWQceBXDsrQM=w900-h1000\" width=\"900\" height=\"600\"   ><\/a><figcaption class=\"wp-caption-text\"><a href=\"https:\/\/photos.google.com\/share\/AF1QipOr5n2W1MRJ7jiNxnfsxfHrX1uAhquk-yYo7A2ixfEhHMsbzWTpkRfdLcmB8-2sAw?key=OUN2eWp5dUFGSTExa3V3Q3BtZWEzU3p0Y2k1M0V3\" target=\"_blank\">Tagfoto zu  \/ Google Photos<\/a><\/figcaption><\/figure>\n<p>Das Foto erinnert ein wenig an den Film &#8222;Zur\u00fcck in die Zukunft&#8220;<\/p>\n<figure class=\"embed-gphotos alignright wp-caption\"><a href=\"https:\/\/photos.google.com\/share\/AF1QipPpV78b1K5M8bU5FDq-s1FBP_hqMg4EPS2xJgDfKM58aiAMxA9Da0vSdeHAod0sDA?key=TDNkTDJsQ29IbERXMFBFNmhBeTBOZ0ZYRS1yaDhn\" target=\"_blank\"><img loading=\"lazy\" decoding=\"async\"    src=\"https:\/\/lh3.googleusercontent.com\/gpMWpZqODOkiqKIcUcJb9mjUrH0ZGsMe2xouW2NVW-VjqtawK498BeHbIuH37H7eGdyhDLNDdNd60C5a5N9sjpcvArUTuOVNb-1tfAaK56N_GnaBS5ZBA4XF0B7BjOdS2bXMTXdGVCE=w380-h1000\" width=\"380\" height=\"285\"   ><\/a><figcaption class=\"wp-caption-text\"><a href=\"https:\/\/photos.google.com\/share\/AF1QipPpV78b1K5M8bU5FDq-s1FBP_hqMg4EPS2xJgDfKM58aiAMxA9Da0vSdeHAod0sDA?key=TDNkTDJsQ29IbERXMFBFNmhBeTBOZ0ZYRS1yaDhn\" target=\"_blank\">Tagfoto \/ Google Photos<\/a><\/figcaption><\/figure>\n","protected":false},"excerpt":{"rendered":"<p>Der G\u00fcterverkehr in Duisburg spielt durch den gro\u00dfen Umschlagplatz des Hafens schon immer eine gro\u00dfe Rolle. Mittlerweile gibt es sogar eine 10000km lange Zugstrecke von China, welche in Duisburg endet. Das Foto erinnert ein wenig an den Film &#8222;Zur\u00fcck in die Zukunft&#8220;<\/p>\n","protected":false},"author":1,"featured_media":1332,"parent":982,"menu_order":0,"comment_status":"closed","ping_status":"closed","template":"","meta":{"footnotes":""},"class_list":["post-1095","page","type-page","status-publish","has-post-thumbnail","hentry"],"_links":{"self":[{"href":"http:\/\/www.rainerliebe.de\/index.php?rest_route=\/wp\/v2\/pages\/1095","targetHints":{"allow":["GET"]}}],"collection":[{"href":"http:\/\/www.rainerliebe.de\/index.php?rest_route=\/wp\/v2\/pages"}],"about":[{"href":"http:\/\/www.rainerliebe.de\/index.php?rest_route=\/wp\/v2\/types\/page"}],"author":[{"embeddable":true,"href":"http:\/\/www.rainerliebe.de\/index.php?rest_route=\/wp\/v2\/users\/1"}],"replies":[{"embeddable":true,"href":"http:\/\/www.rainerliebe.de\/index.php?rest_route=%2Fwp%2Fv2%2Fcomments&post=1095"}],"version-history":[{"count":4,"href":"http:\/\/www.rainerliebe.de\/index.php?rest_route=\/wp\/v2\/pages\/1095\/revisions"}],"predecessor-version":[{"id":1099,"href":"http:\/\/www.rainerliebe.de\/index.php?rest_route=\/wp\/v2\/pages\/1095\/revisions\/1099"}],"up":[{"embeddable":true,"href":"http:\/\/www.rainerliebe.de\/index.php?rest_route=\/wp\/v2\/pages\/982"}],"wp:featuredmedia":[{"embeddable":true,"href":"http:\/\/www.rainerliebe.de\/index.php?rest_route=\/wp\/v2\/media\/1332"}],"wp:attachment":[{"href":"http:\/\/www.rainerliebe.de\/index.php?rest_route=%2Fwp%2Fv2%2Fmedia&parent=1095"}],"curies":[{"name":"wp","href":"https:\/\/api.w.org\/{rel}","templated":true}]}}